{"id":490,"date":"2011-03-30T06:46:39","date_gmt":"2011-03-30T06:46:39","guid":{"rendered":"http:\/\/lacittafutura.net\/adrianozanon\/"},"modified":"2022-01-07T20:29:06","modified_gmt":"2022-01-07T20:29:06","slug":"riferimenti","status":"publish","type":"page","link":"https:\/\/lacittafutura.net\/adrianozanon\/riferimenti\/","title":{"rendered":"Riferimenti"},"content":{"rendered":"<div><\/div>\n<div>&#8220;No, pap\u00e0 io non ci credo&#8230; mi stai dicendo che il futuro pu\u00f2 essere soltanto questo?&#8221;<br \/>\n&#8220;S\u00ec, \u00e8 cos\u00ec che stanno le cose, non puoi cambiare la natura.&#8221;<br \/>\n&#8220;Cambiare fa parte della natura, pap\u00e0. E&#8217; la parte della natura che possiamo influenzare&#8230; E comincia solo quando decidiamo noi.&#8221;<br \/>\n&#8220;Dove vai?&#8221;<br \/>\n&#8220;Con un po&#8217; di fortuna, avanti.&#8221;<\/div>\n<div><\/div>\n<div>(Dialogo tra la pantegana Remy e suo padre in <em>Ratatouille<\/em>, Disney 2007.)<\/div>\n","protected":false},"excerpt":{"rendered":"<p>&#8220;No, pap\u00e0 io non ci credo&#8230; mi stai dicendo che il futuro pu\u00f2 essere soltanto questo?&#8221; &#8220;S\u00ec, \u00e8 cos\u00ec che stanno le cose, non puoi cambiare la natura.&#8221; &#8220;Cambiare fa parte della natura, pap\u00e0. E&#8217; la parte della natura che &hellip; <a href=\"https:\/\/lacittafutura.net\/adrianozanon\/riferimenti\/\">Continua a leggere<span class=\"meta-nav\">&rarr;<\/span><\/a><\/p>\n","protected":false},"author":6,"featured_media":0,"parent":0,"menu_order":4,"comment_status":"open","ping_status":"closed","template":"","meta":{"footnotes":""},"class_list":["post-490","page","type-page","status-publish","hentry"],"_links":{"self":[{"href":"https:\/\/lacittafutura.net\/adrianozanon\/wp-json\/wp\/v2\/pages\/490","targetHints":{"allow":["GET"]}}],"collection":[{"href":"https:\/\/lacittafutura.net\/adrianozanon\/wp-json\/wp\/v2\/pages"}],"about":[{"href":"https:\/\/lacittafutura.net\/adrianozanon\/wp-json\/wp\/v2\/types\/page"}],"author":[{"embeddable":true,"href":"https:\/\/lacittafutura.net\/adrianozanon\/wp-json\/wp\/v2\/users\/6"}],"replies":[{"embeddable":true,"href":"https:\/\/lacittafutura.net\/adrianozanon\/wp-json\/wp\/v2\/comments?post=490"}],"version-history":[{"count":24,"href":"https:\/\/lacittafutura.net\/adrianozanon\/wp-json\/wp\/v2\/pages\/490\/revisions"}],"predecessor-version":[{"id":11174,"href":"https:\/\/lacittafutura.net\/adrianozanon\/wp-json\/wp\/v2\/pages\/490\/revisions\/11174"}],"wp:attachment":[{"href":"https:\/\/lacittafutura.net\/adrianozanon\/wp-json\/wp\/v2\/media?parent=490"}],"curies":[{"name":"wp","href":"https:\/\/api.w.org\/{rel}","templated":true}]}}